u) = -6*u**3 - 6*u**2 - 10*u. Let h(s) = 7*s**3 + 6*s**2 + 11*s - 1. Let y(n) = -5*h(n) - 6*q(n). Calculate y(j).
17
Let g(i) = i - 3*i**3 + i**2 + 1 - 5*i**2 + 2*i**3. Let v = -22 + 43. Suppose -6*m = -v*m - 45. Determine g(m).
-11
Let z(n) = n**2 + 18*n + 7. Suppose 2*r - 6 = 0, 0 = -3*j - 4*r + 6*r - 60. Determine z(j).
7
Let f(o) be the second derivative of o**5/20 + 5*o**4/6 + o**3/6 + 7*o**2 - 8*o + 15. Determine f(-10).
4
Let o(d) = d + 4. Let g = 56 - 59. Give o(g).
1
Let z(v) = v**2 + v - 6. Let m(t) = -2*t - 56. Let q(p) = -p - 19. Let o(w) = -3*m(w) + 8*q(w). Let l be o(8). What is z(l)?
-6
Let i(r) be the second derivative of 31*r + 0 - 1/4*r**4 + 1/6*r**3 - 5/2*r**2 - 1/20*r**5. Give i(-4).
7
Let m(j) be the second derivative of j**8/6720 - j**7/840 - j**6/360 - 4*j**4/3 - 6*j. Let s(l) be the third derivative of m(l). Give s(3).
-6
Let a(w) = -3 - 2*w - 7*w + w**3 - w + 5*w - 3*w**2. Determine a(4).
-7
Suppose -5*u = 2*t - 86, 19 = 2*u + 2*t - 19. Suppose -u = -4*j - 4*y + y, -16 = -4*j + 4*y. Let o(i) = i**2 + i + 2. Calculate o(j).
22
Let k(u) = -u + 1. Let m(c) = 2*c - 2. Let y(h) = -4*k(h) - 3*m(h). Let w(t) = 2*t + 1. Let g be w(2). Determine y(g).
-8
Let m = 19 - 17. Suppose 0*g + m*g = 0. Suppose g*r = -2*r - 12. Let p(v) = v + 13. Give p(r).
7
Let i(l) = 9*l**3 + 2*l**2 - 1. Let z be 4/(-10) + (11 - (-58)/(-5)). What is i(z)?
-8
Let a(t) = -2*t**3 - 2*t**2 + t - 2. Suppose 5*o = -16 + 6. Let p be o + 3 - (0 + 3). Determine a(p).
4
Let r(s) = 3*s**3 + 9*s**2 + 14*s + 10. Let m(v) = -v**3 - 5*v**2 - 6*v - 5. Let k(l) = 5*m(l) + 2*r(l). Calculate k(7).
-19
Let o(f) = -f**3 - 4*f**2 + 4*f - 5. Suppose 4*b - 31 = 17. Let z = -12 + b. Let i(x) = -x - 5. Let j be i(z). Determine o(j).
0
Let f be 0 - ((-8)/(-4) + 4). Let j be 15/f*(-56)/70. Let w(a) be the third derivative of a**6/60 - a**5/15 + a**4/12 + a**2. Calculate w(j).
4
Suppose -2*x = 2*x + 16. Let b be -3 - (-26 + (0 - 2)). Let z(n) = -1 - 8*n + b*n - 3*n**2 - 15*n - 3 - n**3. Calculate z(x).
4
Let w = 51 + -43. Let q(v) = -w*v - 7*v + 7*v. Determine q(-1).
8
Let n(s) be the first derivative of 7*s**5/10 + s**4/12 + 9*s - 4. Let f(y) be the first derivative of n(y). Let k = 39 - 40. What is f(k)?
-13
Let h = 36 - 33. Suppose -g - 79 = -5*j, -69 + 20 = -h*j - g. Let x be ((-5)/10)/(4/j). Let i(t) = 2*t**2 + t - 1. Calculate i(x).
5
Suppose -2*m - 13 = -17. Let q(j) = j - 3 + 180*j**2 - 55*j**2 - 61*j**2 - 63*j**m. Determine q(0).
-3
Suppose -16 = -4*j + 2*f + 2*f, 2*j - 6 = 3*f. Suppose 3*x + j - 15 = 0. Let a(c) be the first derivative of -c**3/3 + 2*c**2 + 4*c - 103. What is a(x)?
7
Suppose -s = 4, -3*g - 3*s = -2*s - 8. Suppose 4*u = -g*z + 2 + 2, -4*z - 5*u = -7. Let v(r) = r**3 + 2*r**2 - r. Give v(z).
2
Let i(d) = -2064 - 2*d**2 - 6*d + 4*d**2 + 2067 - d**2. What is i(2)?
-5
Let l = -455 - -462. Let q(g) = g**3 - 6*g**2 - 10*g + 7. Give q(l).
-14
Let f(w) = -w**3 + 7*w**2 - 3*w + 4. Let u(k) = -2*k**3 + 13*k**2 - 6*k + 7. Let o(j) = -5*f(j) + 3*u(j). Let v = 1945 + -1941. What is o(v)?
-11
Let a(q) = q**2 - 6. Let j(x) = -6*x**2 + 2*x + 36. Let o(g) = -5*a(g) - j(g). Give o(-5).
29
Let f(d) = -2*d**2 - 10*d + 8. Let r(j) = j**2 + 5*j - 3. Let k(q) = 4*f(q) + 9*r(q). Determine k(-6).
11
Suppose -308*v - 6 = -302*v. Let c(b) = -13*b + 1. What is c(v)?
14
Let h be (-70)/7*(-6)/10. Let z(a) = 0*a - a**3 - 2*a - h*a - 4*a**2 + 1 + 7*a. Suppose -y - 4*i + 31 = -6*y, 4*y + 2*i + 4 = 0. Give z(y).
-5
Let i = 2 + -3. Let o(h) = h**2 + h. Let d(m) be the first derivative of -8*m**3/3 - m**2 + m + 6. Let a(g) = d(g) + 4*o(g). What is a(i)?
-5
Suppose -9*o + 6 + 12 = 0. Let a(r) = r - 10. Let w(f) = 2. Let v(l) = 2*a(l) + 11*w(l). Let m be v(o). Let s(i) = -2*i + 9. Determine s(m).
-3
Let c(o) = o**2 + o + 12. Let l be ((-2)/(-3))/(11/66). Suppose h + l*r + 4 = 0, -2*h - r + 3 = 4. Give c(h).
12
Suppose -y = 5*u + 14, 5*u - 13*y = -18*y - 10. Let a(i) = 3*i**2 + 3*i - 2. Determine a(u).
16
Let d = -329 + 332. Let m = -3 + 6. Let h(j) = j**3 - 5*j**2 - 4*j**3 + 3*j + 4*j**m - 3. Calculate h(d).
-12
Let j(n) = 25*n + 304. Let k be j(-12). Let i(h) = h**2 - 9*h + 4. Determine i(k).
-16
Let i(f) = -3 + 17*f**2 + 16*f**2 - 4*f + 8*f**2 - 40*f**2 + f**3. Let l = 130 + -133. Give i(l).
-9
Let l(n) = -n + 16. Let p(v) = 11*v**2 + 6*v - 15. Let s be p(3). Let k be s/15 + 11/55. What is l(k)?
9
Let g(r) = -r**2 + 5*r - 7. Suppose 4*x - 74 = -5*v + 29, -5*v + 130 = 5*x. Let i = x - 23. Suppose 2*l - 4 = i*j, 4*l - j + 26 = 8*l. Give g(l).
-13
Let u(r) = r**3 + 4*r**2 - 2*r - 3. Let l be u(-4). Suppose -24 = 2*g + 3*g + 3*d, l*d = 4*g + 34. Let p(x) = x**3 + 5*x**2 - 6*x - 5. Determine p(g).
-5
Let m(q) be the first derivative of q**2/2 - 14*q - 238. Suppose 5*s - 16 = -4*g + 12, -s + 21 = 3*g. Give m(g).
-7
Let w(s) be the first derivative of -9*s**4 + 163. What is w(1)?
-36
Suppose -10 = 3*z - 8*z. Let a(t) be the second derivative of 0 + 1/6*t**3 - 6*t - 1/2*t**z. What is a(-1)?
-2
Let t(n) = -n**3 + 10*n**2 + 21*n + 40. Let i be ((-3)/6)/(92/96 - 1). Let v be t(i). Let h(u) be the first derivative of -u**2/2 - 1. Give h(v).
-4
Let f be 16 - 12 - 8 - (-10 + 0). Let y(p) = -2*p**3 + 11*p**2 + 7*p - 10. Give y(f).
-4
Suppose -5*f + 9 = -x - 4*f, 4*x + 37 = 5*f. Let z(g) = g**2 + 7*g + 9. What is z(x)?
17
Let r be (-3)/7 - 6/(-14). Let c(o) = o**3 + o**2 - 2*o + 1. What is c(r)?
1
Let u = -508 + 503. Let n(i) be the first derivative of -i**2/2 - 6*i - 1. Calculate n(u).
-1
Let p(d) = 4*d**2 - d. Suppose t = 4*w + 75, 3*w = 4*t - 41 + 1. Let l = w + 4. Let n be (-1)/3 + l/24. Give p(n).
5
Suppose -7*g + 30 = -2*g. Suppose -b = 4*z - 14, -5*z - g = -2*b - 30. Let n(j) = j**3 + 4*j**2 + 2*j + 2. Give n(b).
6
Let r(p) = -9*p**3 - p**2. Let h be 3*(-5)/(-3) + -6. What is r(h)?
8
Let y = -89 - -91. Suppose 3*n + 15 = 0, y*h = 6*h + 2*n + 38. Let s(j) = j**3 + 8*j**2 + 7*j - 6. Calculate s(h).
-6
Let o(s) be the first derivative of -1/3*s**3 - 3*s**2 - 3*s - 15. What is o(-5)?
2
Suppose 1044 + 264 = 12*v. Let s(n) = 10*n - 108*n**2 - 10 + v*n**2 - 4*n. Calculate s(-7).
-3
Let p(a) be the second derivative of -a**5/60 - a**4/8 - 9*a**3/2 + 11*a. Let q(t) be the second derivative of p(t). Calculate q(-5).
7
Let i(k) be the second derivative of k**8/6720 - k**7/630 - k**6/144 + k**5/60 - 3*k**4/4 + k. Let w(d) be the third derivative of i(d). What is w(4)?
-18
Suppose 2 + 4 = -s. Let m(r) = -2*r - 9. Let z(v) = v - 2. Let u = 44 + -45. Let j(a) = u*z(a) + m(a). What is j(s)?
11
Let r(x) be the first derivative of x**2/2 + 8*x + 52. What is r(0)?
8
Suppose -m = 2, 3*m = 4*t - 12 - 10. Let y(d) = -16 + t*d + 19 - 5*d. Suppose -4*s + 27 = 3. What is y(s)?
-3
Let v(p) be the first derivative of 3*p**2 - 5*p - 7 - 1/3*p**3. Determine v(6).
-5
Let b(o) be the first derivative of -2*o**3/3 + 5*o**2/2 - 10*o + 6. Let g(h) be the first derivative of b(h). What is g(6)?
-19
Let v(x) be the first derivative of -7 - 8*x + 9/2*x**2 - 1/3*x**3. Suppose -18*w - 7 = -19*w. Determine v(w).
6
Let w(f) = -4*f - 4 - f + f. Let l(a) = 9*a - 1. Let u(i) = 17*i - 1. Let o(b) = 7*l(b) - 4*u(b). Let q(v) = 5*o(v) - 6*w(v). Give q(4).
5
Let p(q) = 37*q - 1 - 14*q - 22*q - 3*q**2. Let c = 237 - 235. Calculate p(c).
-11
Let v be (6/(-9))/(1/18). Let f = 14 + v. Let p be (-1 - (4 - f)) + 3. Let b(a) = a**3 + 1. Determine b(p).
1
Suppose 4*v - 10 = 2. Let b(h) = -h**3 + 2*h**2 + h + 3. What is b(v)?
-3
Let v be (48/(-10))/((-3)/15). Suppose 7*g = 4*g + v. Let z = 9 - g. Let d(w) = 13*w**3 - w**2 - w + 1. What is d(z)?
12
Let z = -2 - -3. Let d(f) = -f - 4 - z + f - f. Let n(x) = -x**3 + 4*x**2 - x - 2. Let s be n(4). Calculate d(s).
1
Let b(a) = -7*a - 15. Let u(g) = -6*g - 14. Let m(v) = 5*b(v) - 6*u(v). Let j(w) = 2*w**2 + w - 5. Let d be j(0). Give m(d).
4
Let b be (-10)/3 + (-26)/39. Let g = 13 + -6. Let v(q) = q**2 - 5*q - 3. Let y(d) = -4*d**2 + 15*d + 10. Let m(t) = g*v(t) + 2*y(t). Give m(b).
3
Let f(h) = -h**3 + 4*h**2 + 3*h. Let t = -36 + -96. Let c be ((-4)/22 - 156/t)*4. Determine f(c).
12
Let p(z) be the first derivative of -1/2*z**2 + 10 + 0*z. Let q(w) = 5. Let h(m) = -2*p(m) - q(m). Give h(4).
3
Let k(j) = j**3 - 39*j**2 - 81*j - 48. Let q be k(41). Let u(i) = -i**2 - 7*i + 6. Give u(q).
6
Let x(f) = -f + 1